 units digit of 517298?
8
What is the millions digit of 1858907?
1
What is the ten thousands digit of 285038?
8
What is the ten thousands digit of 617025?
1
What is the units digit of 856854?
4
What is the units digit of 1508414?
4
What is the ten thousands digit of 1038430?
3
What is the hundreds digit of 1716625?
6
What is the hundred thousands digit of 693994?
6
What is the hundreds digit of 114361?
3
What is the units digit of 190639?
9
What is the units digit of 1261041?
1
What is the ten thousands digit of 881970?
8
What is the hundred thousands digit of 17335036?
3
What is the units digit of 152485?
5
What is the tens digit of 741214?
1
What is the hundred thousands digit of 2301152?
3
What is the thousands digit of 3347317?
7
What is the units digit of 133628?
8
What is the ten thousands digit of 370392?
7
What is the thousands digit of 2585053?
5
What is the ten thousands digit of 1018844?
1
What is the thousands digit of 276445?
6
What is the units digit of 9487353?
3
What is the millions digit of 4332780?
4
What is the hundreds digit of 11680987?
9
What is the tens digit of 8615855?
5
What is the tens digit of 1566357?
5
What is the thousands digit of 5993079?
3
What is the millions digit of 2297451?
2
What is the tens digit of 1133612?
1
What is the ten thousands digit of 564286?
6
What is the thousands digit of 1151197?
1
What is the hundreds digit of 1581037?
0
What is the thousands digit of 718136?
8
What is the units digit of 1112081?
1
What is the tens digit of 9326035?
3
What is the ten millions digit of 10661544?
1
What is the units digit of 212278?
8
What is the hundred thousands digit of 411312?
4
What is the ten thousands digit of 183688?
8
What is the tens digit of 549568?
6
What is the thousands digit of 498487?
8
What is the hundred thousands digit of 1181597?
1
What is the hundred thousands digit of 165496?
1
What is the ten thousands digit of 3764550?
6
What is the thousands digit of 554070?
4
What is the thousands digit of 791951?
1
What is the thousands digit of 5097837?
7
What is the thousands digit of 232754?
2
What is the ten thousands digit of 2283446?
8
What is the thousands digit of 917457?
7
What is the units digit of 4146534?
4
What is the hundred thousands digit of 2103423?
1
What is the ten thousands digit of 229512?
2
What is the tens digit of 329920?
2
What is the hundreds digit of 416596?
5
What is the units digit of 13106071?
1
What is the thousands digit of 44635?
4
What is the thousands digit of 474798?
4
What is the hundred thousands digit of 2777706?
7
What is the hundred thousands digit of 1374952?
3
What is the hundred thousands digit of 140069?
1
What is the hundreds digit of 16640367?
3
What is the hundred thousands digit of 1123617?
1
What is the ten thousands digit of 2901604?
0
What is the tens digit of 10864611?
1
What is the units digit of 535586?
6
What is the hundreds digit of 103915?
9
What is the units digit of 699360?
0
What is the thousands digit of 10713083?
3
What is the ten thousands digit of 2342077?
4
What is the thousands digit of 2080713?
0
What is the thousands digit of 1299357?
9
What is the units digit of 4167100?
0
What is the thousands digit of 656984?
6
What is the millions digit of 1228498?
1
What is the tens digit of 8488241?
4
What is the units digit of 45232?
2
What is the millions digit of 12662619?
2
What is the units digit of 10020110?
0
What is the units digit of 88840?
0
What is the units digit of 4407488?
8
What is the units digit of 449806?
6
What is the ten thousands digit of 5308259?
0
What is the thousands digit of 2602535?
2
What is the hundred thousands digit of 2508098?
5
What is the hundred thousands digit of 130256?
1
What is the thousands digit of 131841?
1
What is the tens digit of 11560460?
6
What is the thousands digit of 22848?
2
What is the hundreds digit of 310138?
1
What is the units digit of 1195080?
0
What is the units digit of 5559379?
9
What is the tens digit of 1409903?
0
What is the hundreds digit of 1612119?
1
What is the hundred thousands digit of 356666?
3
What is the ten thousands digit of 21999897?
9
What is the tens digit of 301993?
9
What is the hundred thousands digit of 17884780?
8
What is the tens digit of 156666?
6
What is the thousands digit of 22914309?
4
What is the thousands digit of 222414?
2
What is the hundreds digit of 80708?
7
What is the hundred thousands digit of 488560?
4
What is the hundreds digit of 4146266?
2
What is the thousands digit of 6842598?
2
What is the units digit of 776224?
4
What is the units digit of 2228750?
0
What is the ten thousands digit of 16522?
1
What is the tens digit of 19500116?
1
What is the thousands digit of 19938031?
8
What is the ten thousands digit of 7909102?
0
What is the tens digit of 1387497?
9
What is the hundred thousands digit of 2665762?
6
What is the thousands digit of 95443?
5
What is the units digit of 21390?
0
What is the units digit of 182238?
8
What is the hundred thousands digit of 1302197?
3
What is the thousands digit of 424991?
4
What is the millions digit of 7857651?
7
What is the millions digit of 2937277?
2
What is the units digit of 59150?
0
What is the tens digit of 561491?
9
What is the hundred thousands digit of 633337?
6
What is the tens digit of 20818575?
7
What is the hundreds digit of 23544?
5
What is the units digit of 24666657?
7
What is the hundred thousands digit of 253609?
2
What is the ten thousands digit of 37938?
3
What is the thousands digit of 326503?
6
What is the thousands digit of 890012?
0
What is the hundreds digit of 1853191?
1
What is the units digit of 33584?
4
What is the units digit of 2789872?
2
What is the millions digit of 15737867?
5
What is the ten millions digit of 28937208?
2
What is the ten thousands digit of 21659269?
5
What is the thousands digit of 1148492?
8
What is the hundreds digit of 36169?
1
What is the units digit of 314603?
3
What is the thousands digit of 163089?
3
What is the tens digit of 2507626?
2
What is the millions digit of 1171706?
1
What is the hundreds digit of 284295?
2
What is the units digit of 131852?
2
What is the hundred thousands digit of 103371?
1
What is the units digit of 650364?
4
What is the ten thousands digit of 1757397?
5
What is the ten thousands digit of 646957?
4
What is the tens digit of 2774753?
5
What is the tens digit of 5635704?
0
What is the hundred thousands digit of 24168664?
1
What is the hundreds digit of 138091?
0
What is the units digit of 211384?
4
What is the ten thousands digit of 12899790?
9
What is the units digit of 584414?
4
What is the tens digit of 3577549?
4
What is the tens digit of 94334?
3
What is the hundreds digit of 2346847?
8
What is the tens digit of 9586324?
2
What is the thousands digit of 198612?
8
What is the units digit of 24186910?
0
What is the millions digit of 35831768?
5
What is the hundred thousands digit of 2203159?
2
What is the hundred thousands digit of 4289425?
2
What is the hundreds digit of 1836526?
5
What is the thousands digit of 1161128?
1
What is the tens digit of 189237?
3
What is the hundred thousands digit of 153424?
1
What is the ten thousands digit of 888903?
8
What is the hundreds digit of 266463?
4
What is the tens digit of 3845184?
8
What is the tens digit of 2355611?
1
What is the ten thousands digit of 31456?
3
What is the units digit of 3055763?
3
What is the units digit of 23331255?
5
What is the hundreds digit of 3541028?
0
What is the ten thousands digit of 11071?
1
What is the millions digit of 4076097?
4
What is the hundreds digit of 303632?
6
What is the units digit of 383396?
6
What is the units digit of 1488367?
7
What is the tens digit of 426115?
1
What is the units digit of 731260?
0
What is the tens digit of 626864?
6
What is the tens digit of 15746375?
7
What is the tens digit of 3098581?
8
What is the ten thousands digit of 3110341?
1
What is the tens digit of 165944?
4
What is the tens digit of 248537?
3
What is the units digit of 761680?
0
What is the hundred thousands digit of 1922737?
9
What is the ten thousands digit of 711675?
1
What is the tens digit of 8285976?
7
What is the hundred thousands digit of 19952385?
9
What is the tens digit of 3610261?
6
What is the hundreds digit of 1492271?
2
What is th